2
What is the hundreds digit of 1014?
0
What is the units digit of 63774?
4
What is the units digit of 6776?
6
What is the units digit of 2713?
3
What is the hundreds digit of 4599?
5
What is the thousands digit of 1852?
1
What is the tens digit of 1632?
3
What is the hundreds digit of 42822?
8
What is the thousands digit of 9001?
9
What is the units digit of 10180?
0
What is the units digit of 2802?
2
What is the tens digit of 46?
4
What is the units digit of 279?
9
What is the units digit of 20159?
9
What is the units digit of 457?
7
What is the units digit of 643?
3
What is the units digit of 3208?
8
What is the tens digit of 2237?
3
What is the units digit of 611?
1
What is the thousands digit of 3002?
3
What is the hundreds digit of 23572?
5
What is the tens digit of 2245?
4
What is the tens digit of 42495?
9
What is the tens digit of 938?
3
What is the units digit of 109840?
0
What is the tens digit of 641?
4
What is the units digit of 63494?
4
What is the ten thousands digit of 36706?
3
What is the tens digit of 431?
3
What is the tens digit of 38?
3
What is the ten thousands digit of 34701?
3
What is the units digit of 926?
6
What is the hundreds digit of 4935?
9
What is the tens digit of 522?
2
What is the hundreds digit of 2280?
2
What is the units digit of 1730?
0
What is the units digit of 2161?
1
What is the units digit of 32701?
1
What is the hundreds digit of 1646?
6
What is the units digit of 45719?
9
What is the units digit of 15912?
2
What is the tens digit of 12263?
6
What is the ten thousands digit of 21950?
2
What is the ten thousands digit of 15431?
1
What is the thousands digit of 4340?
4
What is the units digit of 6997?
7
What is the tens digit of 470?
7
What is the hundreds digit of 666?
6
What is the thousands digit of 40983?
0
What is the ten thousands digit of 17582?
1
What is the hundreds digit of 3749?
7
What is the tens digit of 2494?
9
What is the units digit of 11134?
4
What is the thousands digit of 1357?
1
What is the hundreds digit of 38033?
0
What is the tens digit of 3272?
7
What is the hundreds digit of 3841?
8
What is the hundreds digit of 181?
1
What is the thousands digit of 4033?
4
What is the units digit of 1728?
8
What is the hundreds digit of 11910?
9
What is the thousands digit of 7927?
7
What is the thousands digit of 1000?
1
What is the hundreds digit of 554?
5
What is the units digit of 185?
5
What is the units digit of 211?
1
What is the units digit of 5544?
4
What is the thousands digit of 10104?
0
What is the hundreds digit of 1509?
5
What is the units digit of 1815?
5
What is the tens digit of 27317?
1
What is the tens digit of 33467?
6
What is the hundreds digit of 2320?
3
What is the units digit of 134?
4
What is the tens digit of 1417?
1
What is the tens digit of 68?
6
What is the hundreds digit of 153682?
6
What is the units digit of 4592?
2
What is the hundreds digit of 34226?
2
What is the tens digit of 820?
2
What is the hundreds digit of 2272?
2
What is the tens digit of 23808?
0
What is the units digit of 2212?
2
What is the units digit of 123165?
5
What is the hundreds digit of 84108?
1
What is the hundreds digit of 41955?
9
What is the units digit of 2783?
3
What is the ten thousands digit of 120519?
2
What is the thousands digit of 53689?
3
What is the tens digit of 45164?
6
What is the units digit of 9969?
9
What is the hundreds digit of 129857?
8
What is the tens digit of 50437?
3
What is the tens digit of 818?
1
What is the units digit of 1829?
9
What is the units digit of 66285?
5
What is the tens digit of 34213?
1
What is the units digit of 31259?
9
What is the ten thousands digit of 81950?
8
What is the tens digit of 10284?
8
What is the units digit of 1026?
6
What is the hundreds digit of 16991?
9
What is the tens digit of 88279?
7
What is the hundreds digit of 4727?
7
What is the tens digit of 84?
8
What is the units digit of 429?
9
What is the thousands digit of 1727?
1
What is the ten thousands digit of 81392?
8
What is the units digit of 10710?
0
What is the hundreds digit of 402?
4
What is the units digit of 1278?
8
What is the hundreds digit of 506?
5
What is the tens digit of 6029?
2
What is the tens digit of 16264?
6
What is the thousands digit of 4061?
4
What is the tens digit of 34?
3
What is the tens digit of 60268?
6
What is the tens digit of 1435?
3
What is the tens digit of 1242?
4
What is the tens digit of 5774?
7
What is the units digit of 58192?
2
What is the thousands digit of 24776?
4
What is the tens digit of 2476?
7
What is the units digit of 9840?
0
What is the thousands digit of 85773?
5
What is the tens digit of 2379?
7
What is the hundreds digit of 615?
6
What is the units digit of 126686?
6
What is the tens digit of 5530?
3
What is the tens digit of 51422?
2
What is the units digit of 292?
2
What is the thousands digit of 1923?
1
What is the tens digit of 118111?
1
What is the thousands digit of 8514?
8
What is the hundreds digit of 982?
9
What is the tens digit of 4658?
5
What is the tens digit of 2708?
0
What is the hundreds digit of 612?
6
What is the tens digit of 12832?
3
What is the units digit of 59157?
7
What is the units digit of 8590?
0
What is the hundreds digit of 720?
7
What is the tens digit of 1564?
6
What is the tens digit of 8410?
1
What is the units digit of 5402?
2
What is the tens digit of 324?
2
What is the thousands digit of 4652?
4
What is the units digit of 1077?
7
What is the hundreds digit of 504?
5
What is the units digit of 603?
3
What is the tens digit of 289?
8
What is the hundreds digit of 46687?
6
What is the hundreds digit of 880?
8
What is the thousands digit of 27930?
7
What is the thousands digit of 8769?
8
What is the thousands digit of 12337?
2
What is the hundreds digit of 68878?
8
What is the ten thousands digit of 39862?
3
What is the tens digit of 10896?
9
What is the hundreds digit of 633?
6
What is the hundreds digit of 14032?
0
What is the tens digit of 46202?
0
What is the units digit of 850?
0
What is the tens digit of 5417?
1
What is the thousands digit of 2552?
2
What is the hundreds digit of 43249?
2
What is the tens digit of 1626?
2
What is the hundreds digit of 9397?
3
What is the thousands digit of 7757?
7
What is the tens digit of 55991?
9
What is the tens digit of 5956?
5
What is the tens digit of 3902?
0
What is the units digit of 3186?
6
What is the thousands digit of 65642?
5
What is the tens digit of 376?
7
What is the tens digit of 10608?
0
What is the thousands digit of 24779?
4
What is the units digit of 2827?
7
What is the hundreds digit of 1633?
6
What is the hundreds digit of 7588?
5
What is the tens digit of 33259?
5
What is the units digit of 255?
5
What is the hundreds digit of 1022?
0
What is the hundreds digit of 35357?
3
What is the thousands digit of 9898?
9
What is the hundreds digit of 6768?
7
What is the thousands digit of 9900?
9
What is the tens digit of 54?
5
What is the units digit of 253?
3
What is the thousands digit of 1287?
1
What is the hundreds digit of 23938?
9
What is the ten thousands digit of 29800?
2
What is the units digit of 18401?
1
What is the thousands digit of 25834?
5
What is the hundreds digit of 490?
4
What is the thousands digit of 22997?
2
What is the hundreds digit of 2098?
0
What is the hundreds digit of 1828?
8
What is the thousands digit of 42459?
2
What is the units digit of 481?
1
What is the units digit of 94424?
4
What is the units digit of 831?
1
What is the hundreds digit of 477?
4
What is the tens digit of 3246?
4
What is the thousands digit of 9918?
9
What is the hundreds digit of 642?
6
What is the tens digit of 523?
2
What is the hundreds digit of 12500?
5
What is the units digit of 19636?
6
What is the tens digit of 21515?
1
What is the tens digit of 551?
5
What is the hundreds digit of 2117?
1
What is the units digit of 17671?
1
What is the tens digit of 2515?
1
What is the thousands digit of 2702?
2
What is the thousands digit of 1984?
1
What is the tens digit of 2036?
3
What is the hundreds digit of 52375?
3
What is the ten thousands digit of 153319?
5
What is the tens digit of 7932?
3
What is the hundreds digit of 28034?
0
What is the tens digit of 45761?
6
What is the units digit of 1898?
8
What is the units digit of 110?
